at is the hundreds digit of f?
7
Let d(i) be the second derivative of i**4/6 + i**3/3 + 3*i**2/2 + 24*i. What is the units digit of d(-2)?
7
Suppose f + 3 = 9. Let a be (15/9)/(1 + (-5)/f). Suppose -a*m + 1191 + 429 = 0. What is the hundreds digit of m?
1
Suppose -4*t + 3667 + 5933 = 0. Suppose -14*q = -22*q + t. What is the units digit of q?
0
Suppose 133*o - 2220964 - 1067328 = 0. What is the hundreds digit of o?
7
Let j = -182 + -184. What is the thousands digit of ((-13)/(-2) + 2)/((-3)/j)?
1
What is the units digit of (-100288)/(-22) - (-258)/(-473)?
8
Let b(d) = 11*d**2 + 77*d + 14. Let u be b(-8). Let m = 167 + u. What is the tens digit of m?
6
Suppose -7 = 3*g + 8. Let b(k) = -k**2 - 2*k + 5. Let x be b(g). What is the tens digit of 554/6 + x/(-15)?
9
Let t be 12/(-102) - (-1 - (-38)/(-34)). Suppose -3*l + 2639 = 14*k - 9*k, 2*k - t = 0. What is the hundreds digit of l?
8
Suppose -669 = -4*z + 3*i, 0 = -z + 2*i + 2*i + 164. Let k(v) = 7*v - 16. Let o be k(-12). Let y = o + z. What is the tens digit of y?
6
Let z = 502 - 35. Suppose -41 = r - z. What is the hundreds digit of r?
4
What is the thousands digit of (70976/10 + 2*1)/(1032/5160)?
5
Let z = -638 + 360. Let t = -10 - z. What is the tens digit of t?
6
Suppose 24612 = 4*g + 6*o - 10*o, 4*g + 3*o = 24619. What is the tens digit of g?
5
Suppose -2*n = -14*n - 504. What is the hundreds digit of n*(24 + 2)*14/(-42)?
3
Let y be 0/(5/(-10)*-4). Suppose 4*d + 111 = d - i, 5*d + i + 183 = y. What is the units digit of (0 - 4/(-3))/((-8)/d)?
6
Let k be -69950*(-1)/1 + -6. What is the units digit of k/168 - 2/(-12)*-2?
6
Let s(z) = 6*z**2 + 20*z + 23. Suppose -c = -3*u - 13, -5*u - 3 = -0*c + c. What is the units digit of s(c)?
7
Let t(q) = -57*q + 2015. What is the units digit of t(-33)?
6
Let v = -7181 - -10954. What is the hundreds digit of v?
7
What is the units digit of (-105738*(-24)/(-48))/((-9)/3)?
3
Let c(y) = 23*y - 19. Let z be c(1). Let d = 0 + 31. Suppose -z*o = -5*o + d. What is the tens digit of o?
3
Let r(m) be the first derivative of 29*m**3/3 - 25*m**2/2 - 62*m + 82. What is the units digit of r(-6)?
2
Let q(g) = -g**2 + 5*g - 2. Let s(x) = x**3 + x**2 - 6*x + 3. Let r be s(2). Let z be q(r). What is the tens digit of (98/z)/(8/32)?
9
Let w be 954/(-12)*(4/(-6))/1. Suppose -h - 2*r = -r + w, 3*r = -2*h - 110. What is the tens digit of h/14*(-300)/21?
5
What is the units digit of (-1704)/(-9)*(-3962)/(-12)*(-99)/(-154)?
6
Let y = 469 - 287. Suppose -4*k = -y - 942. What is the units digit of k?
1
Let d be (8/14)/(-4) - 186/21. Let s(k) = -k**3 - 6*k**2 + 8*k + 86. What is the units digit of s(d)?
7
Suppose 95 - 335 = 5*g. Let w = 50 - g. What is the tens digit of w?
9
Let s = 48325 - 13617. What is the thousands digit of s?
4
Suppose 12 = -6*m - 486. Let g = 111 + m. What is the units digit of g?
8
Let l be (1 + -1*(10 + -2))/(-1). Let o(g) = -g**3 + 6*g**2 + 8*g - 5. Let j be o(l). Suppose -3*x - j*x + 1075 = 0. What is the units digit of x?
5
Let v = 1446 - -429. Suppose -5*r + 7*h - 5*h + 1885 = 0, 0 = -5*r + 4*h + v. What is the hundreds digit of r?
3
Let w(u) = -2*u**3 + 2*u + 1. Let o be w(-1). What is the tens digit of -95 - -276 - (8/(-2) + o)?
8
Let o = -57 - -138. Let t = o - -195. What is the units digit of t?
6
Let a = 12980 + -7590. What is the tens digit of a?
9
Let d(m) = -m**3 + 54*m**2 + 642*m + 40. What is the thousands digit of d(62)?
9
Let g(k) = 4*k**2 + 31*k - 57. Let b = 399 - 388. What is the hundreds digit of g(b)?
7
Let v(n) be the third derivative of 281*n**4/24 - n**3/2 + 83*n**2. What is the hundreds digit of v(2)?
5
Let s = -30671 + 48726. What is the hundreds digit of s?
0
Let r(o) = 2*o - 3. Let f be r(5). Let l be f/(-4 + 18) - 7/2. What is the tens digit of (-2)/l*(-3 - -366)?
4
Let u be (-2)/((-60)/258) - (-4)/10. Let i = 15 - u. What is the units digit of i?
6
Suppose 15*y = 2*p + 16*y - 14, 2*p = 3*y - 2. Let q(k) = 25*k + 56. What is the units digit of q(p)?
1
Suppose 0*y - 4*b + 164 = -2*y, 4 = -2*b. Let c = 59 + y. Let w = 47 + c. What is the tens digit of w?
2
Suppose -n - 3*f - 56 = -5*n, 2*n + 4*f - 6 = 0. Suppose -n*y + 59 + 7 = 0. Suppose 183 = 2*c - 5*i, y = -i + 3*i. What is the units digit of c?
9
Let q be (-2)/1 - ((-1)/1 - 3). Let m(y) = q*y - 7*y + 30 - 8*y. What is the hundreds digit of m(-10)?
1
Let g be (14/(-6))/(1/(-12)). Suppose -3*s - 28 = -t - 7*s, -2*t + 3*s + 1 = 0. Suppose -t = -q + g. What is the units digit of q?
6
Let h(f) = -3*f - 30. Let g be h(-6). What is the hundreds digit of 4/g*(-9756)/6?
5
Suppose -4*l - 291 = 3*t, -4*l = -2*t + 7*t + 285. Let v be (-308)/3*(-9)/(-6). Let y = l - v. What is the tens digit of y?
7
Let v(k) = k**3 - 9*k**2 - 10*k + 2. Let i be v(10). Suppose -i*d + 7*d - 45 = 0. Suppose -13*p + 32 = -d*p. What is the units digit of p?
8
Let n(r) = r**3 - 9*r**2 - 18*r + 22. Let l be n(11). Let c = l + -196. What is the hundreds digit of ((-696)/(-15))/(c/(-25) - 5)?
2
Let s(t) = 378*t + 297. What is the units digit of s(10)?
7
Let q = 91 + -30. Let f be (6 - q) + (-4)/2 + 1. Let x = f + 149. What is the tens digit of x?
9
Suppose 2*a = a + 5*z + 13, -3*a = 4*z - 20. Suppose 0 = 6*h - a*h, g - 5*h = 38. What is the units digit of g?
8
What is the thousands digit of (-236722)/(-3) + (-438)/(-657)?
8
Let j = 9 + -5. Suppose -3*a - 5*c + 31 = 0, -j*a - 5*c + 17 = -8*a. Suppose 0 = q + 5*h - 145, -a*h + 0*h + 508 = 4*q. What is the units digit of q?
5
Suppose -5*y = -0*v + 4*v - 9338, -v = y - 1867. Suppose 5*a - y = -5*x, x = -x + 4*a + 730. What is the hundreds digit of x?
3
Let z = 3801 - 1865. What is the thousands digit of z?
1
Suppose -i + 1941 = -1386. What is the hundreds digit of i?
3
Let l = -595 + 593. What is the hundreds digit of (1819 + (0 - l))/3?
6
Let t(w) = 5*w**2 - 26*w - 8. Let z = -21 - -34. Let u be t(z). Suppose u = 5*v + 3*n, 0 = -6*v + 7*v + 2*n - 97. What is the tens digit of v?
0
Let u(d) = -d**2 - 9*d - 16. Let r be u(-11). Let w = 92 - r. Suppose 4*o = 578 + w. What is the tens digit of o?
7
Suppose -5*b - 4*w = -40, 13*w + 9 = b + 14*w. Suppose 5*l - 4332 = b*d, -l + 83 + 775 = 2*d. What is the units digit of l?
4
Suppose 18*h - 1091 = -3*u + 23*h, u = -4*h + 324. What is the units digit of u?
2
Suppose 3*r - 3*f = 15168, -26*f - 20239 = -4*r - 25*f. Suppose 0 = 20*i - r - 5459. What is the tens digit of i?
2
Suppose 6*f - 4*f + 34 = 0. Let x = 15 + f. What is the tens digit of (-1 - (-57)/(-1) - 0)/x?
2
Suppose -47*h + 99*h - 46*h - 30696 = 0. What is the tens digit of h?
1
Let q = -1354 - -2777. Let m = q - 711. What is the hundreds digit of m?
7
Let j = -126 - 88. Let m = 1145 - 815. Let x = m + j. What is the hundreds digit of x?
1
What is the thousands digit of 47147 + 11 + 7/((-56)/(-96))?
7
Let j(d) = d**2 + 31*d + 36. Let k be j(-30). Suppose -k*o = -4218 - 4788. What is the hundreds digit of o?
5
Suppose -28*c + 768966 - 232318 = 0. What is the units digit of c?
6
Suppose -15*t + 14532 = -t. Suppose -84 = 18*k - t. What is the tens digit of k?
5
Let t = -46292 + 71215. What is the ten thousands digit of t?
2
Let g be (2 - (-42)/(-24)) + (-94)/(-8). Let m(z) = 53*z + 3. What is the tens digit of m(g)?
3
Let s be 799/((6/1)/6). Suppose -1281 = -4*b + g, 2*b + 171 = -2*g + s. What is the tens digit of b?
1
Let l(c) = c**2 - 13*c - 56. Let u be l(17). Let o(i) = i**2 + 20*i - 38. Let y be o(u). Suppose 3*v - y = 128. What is the units digit of v?
8
Suppose 5*d - 9963 = 3*w, -w - 5981 = -6*d + 3*d. What is the hundreds digit of d?
9
Let d = -21 + 816. Let o = 1143 - d. What is the tens digit of o?
4
Suppose 0 = -4*h + 13*h - 1458. What is the hundreds digit of h/135*((-1254)/(-3) - -2)?
5
Suppose -10*z - 20 = -5*z. Let v be ((-2)/z)/((-10)/(-60)). Suppose 0 = 2*l - v*j - 247, -607 = -3*l - 2*l - 3*j. What is the tens digit of l?
2
Let n = 1936 - -23889. What is the hundreds digit of n?
8
Let v(w) = 9*w**2 + w + 423. Let i(d) = -2*d**2 + d + 1. Let t(k) = 5*i(k) + v(k). What is the units digit of t(0)?
8
Let n = -54 + 111. Let k be (-1)/(-1 + 12*16/204). Suppose n = -k*t + 20*t. What is the units digit of t?
9
Suppose -364 = -5*p + 471. Let w = p + -157. What is the tens digit of w?
1
Let k be ((-120)/(-36))/(4/(-6)). Let a(i) be the second derivative of 